94.76.206.19 - - [28/Nov/2008:16:18:32 -0800] "GET /logs/access.log HTTP/1.0" 200 33899 "-" "Mozilla/4.0 (compatible; MSIE 6.0; Windows 98; Win 9x 4.90)" "www.lambscreeksportsmansclub.org"
208.36.144.9 - - [28/Nov/2008:16:58:27 -0800] "GET /robots.txt HTTP/1.0" 404 275 "-" "Mozilla/5.0 (Twiceler-0.9 http://www.cuil.com/twiceler/robot.html)" "www.lambscreeksportsmansclub.org"
38.108.180.70 - - [28/Nov/2008:17:01:30 -0800] "GET /robots.txt HTTP/1.1" 404 275 "-" "Mozilla/5.0 (compatible; ScoutJet; +http://www.scoutjet.com/)" "www.lambscreeksportsmansclub.org"
38.108.180.70 - - [28/Nov/2008:17:01:30 -0800] "GET /?D=D HTTP/1.1" 200 779 "-" "Mozilla/5.0 (compatible; ScoutJet; +http://www.scoutjet.com/)" "www.lambscreeksportsmansclub.org"
67.195.37.167 - - [28/Nov/2008:20:42:54 -0800] "GET /robots.txt HTTP/1.0" 404 275 "-" "Mozilla/5.0 (compatible; Yahoo! Slurp; http://help.yahoo.com/help/us/ysearch/slurp)" "www.lambscreeksportsmansclub.org"
67.195.37.167 - - [28/Nov/2008:20:44:33 -0800] "GET /logs/access_081101.log HTTP/1.0" 200 34150 "-" "Mozilla/5.0 (compatible; Yahoo! Slurp; http://help.yahoo.com/help/us/ysearch/slurp)" "www.lambscreeksportsmansclub.org"
94.76.206.19 - - [28/Nov/2008:22:22:15 -0800] "GET /logs/access.log HTTP/1.0" 200 1170 "-" "Mozilla/4.0 (compatible; MSIE 6.0; Windows 98; Win 9x 4.90)" "www.lambscreeksportsmansclub.org"
38.108.180.70 - - [29/Nov/2008:06:07:18 -0800] "GET /robots.txt HTTP/1.1" 404 275 "-" "Mozilla/5.0 (compatible; ScoutJet; +http://www.scoutjet.com/)" "www.lambscreeksportsmansclub.org"
38.108.180.70 - - [29/Nov/2008:06:07:19 -0800] "GET /tmp/?M=D HTTP/1.1" 200 520 "-" "Mozilla/5.0 (compatible; ScoutJet; +http://www.scoutjet.com/)" "www.lambscreeksportsmansclub.org"
24.200.17.2 - - [29/Nov/2008:06:14:15 -0800] "GET / HTTP/1.1" 200 779 "-" "Mozilla/4.0 (compatible; MSIE 6.0; Windows NT 5.1; SV1; .NET CLR 1.1.4322; InfoPath.1)" "www.lambscreeksportsmansclub.org"
24.200.17.2 - - [29/Nov/2008:06:14:16 -0800] "GET /?N=D HTTP/1.1" 200 779 "-" "Mozilla/4.0 (compatible; MSIE 6.0; Windows NT 5.1; SV1; .NET)" "www.lambscreeksportsmansclub.org"
24.200.17.2 - - [29/Nov/2008:06:14:17 -0800] "GET /?N=A HTTP/1.1" 200 779 "-" "Mozilla/4.0 (compatible; MSIE 6.0; Windows NT 5.1; SV1; .NET CLR 1.1.4322; .NET CLR 2.0.50727)" "www.lambscreeksportsmansclub.org"
24.200.17.2 - - [29/Nov/2008:06:14:17 -0800] "GET /logs/ HTTP/1.1" 200 1659 "-" "Mozilla/4.0 (compatible; MSIE 6.0; Windows NT 5.1)" "www.lambscreeksportsmansclub.org"
24.200.17.2 - - [29/Nov/2008:06:14:18 -0800] "GET /logs/access_081101.log HTTP/1.1" 200 34150 "-" "Mozilla/4.0 (compatible; MSIE 6.0; Windows NT 5.1; SV1; .NET CLR 1.1.4322; InfoPath.1)" "www.lambscreeksportsmansclub.org"
24.200.17.2 - - [29/Nov/2008:06:14:19 -0800] "GET /logs/access_081129.log HTTP/1.1" 200 33899 "-" "Mozilla/5.0 (Windows; U; Windows NT 5.1; en-US; rv:1.8.0.7) Gecko/20060909 Firefox/1.5.0.7" "www.lambscreeksportsmansclub.org"
24.200.17.2 - - [29/Nov/2008:06:14:19 -0800] "GET /logs/?M=A HTTP/1.1" 200 1659 "-" "Mozilla/4.0 (compatible; MSIE 6.0; Windows NT 5.1; SV1; .NET CLR 1.1.4322; .NET CLR 2.0.50727)" "www.lambscreeksportsmansclub.org"
24.200.17.2 - - [29/Nov/2008:06:14:20 -0800] "GET /logs/?M=D HTTP/1.1" 200 1659 "-" "Mozilla/4.0 (compatible; MSIE 6.0; Windows NT 5.1)" "www.lambscreeksportsmansclub.org"
24.200.17.2 - - [29/Nov/2008:06:14:20 -0800] "GET /logs/?D=A HTTP/1.1" 200 1659 "-" "Mozilla/4.0 (compatible; MSIE 6.0; Windows NT 5.1; SV1; .NET CLR 1.1.4322; InfoPath.1)" "www.lambscreeksportsmansclub.org"
24.200.17.2 - - [29/Nov/2008:06:14:21 -0800] "GET /logs/?D=D HTTP/1.1" 200 1659 "-" "Mozilla/4.0 (compatible; MSIE 6.0; Windows NT 5.1; SV1; .NET CLR 1.1.4322)" "www.lambscreeksportsmansclub.org"
24.200.17.2 - - [29/Nov/2008:06:14:22 -0800] "GET /logs/access.log HTTP/1.1" 200 3143 "-" "Mozilla/5.0 (Windows; U; Windows NT 5.1; en-US; rv:1.8.0.7) Gecko/20060909 Firefox/1.5.0.7" "www.lambscreeksportsmansclub.org"
24.200.17.2 - - [29/Nov/2008:06:14:22 -0800] "GET /?M=A HTTP/1.1" 200 779 "-" "Mozilla/4.0 (compatible; MSIE 6.0; Windows NT 5.1; SV1; .NET CLR 1.1.4322; .NET CLR 2.0.50727)" "www.lambscreeksportsmansclub.org"
24.200.17.2 - - [29/Nov/2008:06:14:23 -0800] "GET /?M=D HTTP/1.1" 200 779 "-" "Mozilla/4.0 (compatible; MSIE 6.0; Windows NT 5.1)" "www.lambscreeksportsmansclub.org"
24.200.17.2 - - [29/Nov/2008:06:14:24 -0800] "GET /logs/access_081108.log HTTP/1.1" 200 30063 "-" "Mozilla/4.0 (compatible; MSIE 6.0; Windows NT 5.1; SV1; .NET)" "www.lambscreeksportsmansclub.org"
24.200.17.2 - - [29/Nov/2008:06:14:24 -0800] "GET /tmp/ HTTP/1.1" 200 520 "-" "Mozilla/4.0 (compatible; MSIE 6.0; Windows NT 5.1; SV1; .NET CLR 1.1.4322)" "www.lambscreeksportsmansclub.org"
24.200.17.2 - - [29/Nov/2008:06:14:25 -0800] "GET /tmp/?N=D HTTP/1.1" 200 520 "-" "Mozilla/5.0 (Windows; U; Windows NT 5.1; en-US; rv:1.8.0.7) Gecko/20060909 Firefox/1.5.0.7" "www.lambscreeksportsmansclub.org"
24.200.17.2 - - [29/Nov/2008:06:14:27 -0800] "GET /tmp/?N=A HTTP/1.1" 200 520 "-" "Mozilla/4.0 (compatible; MSIE 6.0; Windows NT 5.1; SV1; .NET CLR 1.1.4322; InfoPath.1)" "www.lambscreeksportsmansclub.org"
24.200.17.2 - - [29/Nov/2008:06:14:28 -0800] "GET /tmp/?A HTTP/1.1" 200 520 "-" "Mozilla/4.0 (compatible; MSIE 6.0; Windows NT 5.1; SV1; .NET)" "www.lambscreeksportsmansclub.org"
24.200.17.2 - - [29/Nov/2008:06:14:28 -0800] "GET /tmp/?M=A HTTP/1.1" 200 520 "-" "Mozilla/4.0 (compatible; MSIE 6.0; Windows NT 5.1; SV1; .NET CLR 1.1.4322)" "www.lambscreeksportsmansclub.org"
24.200.17.2 - - [29/Nov/2008:06:14:28 -0800] "GET /tmp/?M=D HTTP/1.1" 200 520 "-" "Mozilla/5.0 (Windows; U; Windows NT 5.1; en-US; rv:1.8.0.7) Gecko/20060909 Firefox/1.5.0.7" "www.lambscreeksportsmansclub.org"
24.200.17.2 - - [29/Nov/2008:06:14:29 -0800] "GET /tmp/?D=A HTTP/1.1" 200 520 "-" "Mozilla/4.0 (compatible; MSIE 6.0; Windows NT 5.1; SV1; .NET CLR 1.1.4322; .NET CLR 2.0.50727)" "www.lambscreeksportsmansclub.org"
24.200.17.2 - - [29/Nov/2008:06:14:30 -0800] "GET /tmp/?D=D HTTP/1.1" 200 520 "-" "Mozilla/4.0 (compatible; MSIE 6.0; Windows NT 5.1; SV1; .NET CLR 1.1.4322; InfoPath.1)" "www.lambscreeksportsmansclub.org"
24.200.17.2 - - [29/Nov/2008:06:14:31 -0800] "GET /?D=A HTTP/1.1" 200 779 "-" "Mozilla/4.0 (compatible; MSIE 6.0; Windows NT 5.1; SV1; .NET)" "www.lambscreeksportsmansclub.org"
24.200.17.2 - - [29/Nov/2008:06:14:31 -0800] "GET /logs/access_081115.log HTTP/1.1" 200 29652 "-" "Mozilla/4.0 (compatible; MSIE 6.0; Windows NT 5.1; SV1; .NET CLR 1.1.4322)" "www.lambscreeksportsmansclub.org"
24.200.17.2 - - [29/Nov/2008:06:14:32 -0800] "GET /?D=D HTTP/1.1" 200 779 "-" "Mozilla/5.0 (Windows; U; Windows NT 5.1; en-US; rv:1.8.0.7) Gecko/20060909 Firefox/1.5.0.7" "www.lambscreeksportsmansclub.org"
24.200.17.2 - - [29/Nov/2008:06:14:32 -0800] "GET /logs/access_081122.log HTTP/1.1" 200 24387 "-" "Mozilla/4.0 (compatible; MSIE 6.0; Windows NT 5.1; SV1; .NET CLR 1.1.4322; .NET CLR 2.0.50727)" "www.lambscreeksportsmansclub.org"
24.200.17.2 - - [29/Nov/2008:06:14:34 -0800] "GET /?A HTTP/1.1" 200 779 "-" "Mozilla/4.0 (compatible; MSIE 6.0; Windows NT 5.1; SV1; .NET CLR 1.1.4322; InfoPath.1)" "www.lambscreeksportsmansclub.org"
24.200.17.2 - - [29/Nov/2008:06:14:34 -0800] "GET /logs/?A HTTP/1.1" 200 1659 "-" "Mozilla/4.0 (compatible; MSIE 6.0; Windows NT 5.1; SV1; .NET)" "www.lambscreeksportsmansclub.org"
24.200.17.2 - - [29/Nov/2008:06:14:35 -0800] "GET /logs/access_081018.log HTTP/1.1" 200 43168 "-" "Mozilla/4.0 (compatible; MSIE 6.0; Windows NT 5.1; SV1; .NET CLR 1.1.4322)" "www.lambscreeksportsmansclub.org"
24.200.17.2 - - [29/Nov/2008:06:14:37 -0800] "GET /logs/access_081025.log HTTP/1.1" 200 49129 "-" "Mozilla/4.0 (compatible; MSIE 6.0; Windows NT 5.1)" "www.lambscreeksportsmansclub.org"
24.200.17.2 - - [29/Nov/2008:06:14:38 -0800] "GET /logs/?N=A HTTP/1.1" 200 1659 "-" "Mozilla/4.0 (compatible; MSIE 6.0; Windows NT 5.1; SV1; .NET CLR 1.1.4322; InfoPath.1)" "www.lambscreeksportsmansclub.org"
24.200.17.2 - - [29/Nov/2008:06:14:39 -0800] "GET /logs/?N=D HTTP/1.1" 200 1659 "-" "Mozilla/4.0 (compatible; MSIE 6.0; Windows NT 5.1; SV1; .NET CLR 1.1.4322)" "www.lambscreeksportsmansclub.org"
67.15.60.41 - - [29/Nov/2008:08:13:53 -0800] "GET /logs/access.log HTTP/1.1" 200 8123 "-" "Mozilla/4.0 (compatible; MSIE 4.01; Windows 95)" "www.lambscreeksportsmansclub.org"
94.76.206.19 - - [29/Nov/2008:16:02:49 -0800] "GET /logs/access.log HTTP/1.0" 200 8298 "-" "Mozilla/4.0 (compatible; MSIE 6.0; Windows 98; Win 9x 4.90)" "www.lambscreeksportsmansclub.org"
66.231.188.121 - - [29/Nov/2008:19:26:28 -0800] "GET /robots.txt HTTP/1.0" 404 275 "-" "Gigabot/3.0 (http://www.gigablast.com/spider.html)" "www.lambscreeksportsmansclub.org"
66.231.188.121 - - [29/Nov/2008:19:26:29 -0800] "GET /logs/access_080913.log HTTP/1.0" 404 275 "-" "Gigabot/3.0 (http://www.gigablast.com/spider.html)" "www.lambscreeksportsmansclub.org"
38.108.180.70 - - [29/Nov/2008:19:50:48 -0800] "GET /robots.txt HTTP/1.1" 404 275 "-" "Mozilla/5.0 (compatible; ScoutJet; +http://www.scoutjet.com/)" "www.lambscreeksportsmansclub.org"
38.108.180.70 - - [29/Nov/2008:19:50:51 -0800] "GET /?S=D HTTP/1.1" 200 779 "-" "Mozilla/5.0 (compatible; ScoutJet; +http://www.scoutjet.com/)" "www.lambscreeksportsmansclub.org"
94.76.206.19 - - [29/Nov/2008:22:00:46 -0800] "GET /logs/access.log HTTP/1.0" 200 9212 "-" "Mozilla/4.0 (compatible; MSIE 6.0; Windows 98; Win 9x 4.90)" "www.lambscreeksportsmansclub.org"
66.249.71.231 - - [29/Nov/2008:22:42:46 -0800] "GET /robots.txt HTTP/1.1" 404 275 "-" "Mozilla/5.0 (compatible; Googlebot/2.1; +http://www.google.com/bot.html)" "www.lambscreeksportsmansclub.org"
66.249.71.233 - - [29/Nov/2008:22:42:46 -0800] "GET / HTTP/1.1" 200 779 "-" "Mozilla/5.0 (compatible; Googlebot/2.1; +http://www.google.com/bot.html)" "www.lambscreeksportsmansclub.org"
74.6.22.188 - - [30/Nov/2008:00:29:18 -0800] "GET /robots.txt HTTP/1.0" 404 275 "-" "Mozilla/5.0 (compatible; Yahoo! Slurp; http://help.yahoo.com/help/us/ysearch/slurp)" "www.lambscreeksportsmansclub.org"
212.117.160.9 - - [30/Nov/2008:03:36:36 -0800] "GET /submit_info.html HTTP/1.0" 404 275 "-" "Mozilla/4.0 (compatible; MSIE 5.5; Windows 95; BCD2000)" "www.lambscreeksportsmansclub.org"
212.117.160.9 - - [30/Nov/2008:03:36:36 -0800] "GET / HTTP/1.0" 200 763 "-" "Mozilla/4.0 (compatible; MSIE 5.5; Windows 95; BCD2000)" "www.lambscreeksportsmansclub.org"
217.212.224.183 - - [30/Nov/2008:05:11:18 -0800] "GET /robots.txt HTTP/1.0" 404 275 "-" "psbot/0.1 (+http://www.picsearch.com/bot.html)" "www.lambscreeksportsmansclub.org"
217.212.224.186 - - [30/Nov/2008:05:11:18 -0800] "GET /contact_us.html HTTP/1.0" 404 275 "-" "psbot/0.1 (+http://www.picsearch.com/bot.html)" "www.lambscreeksportsmansclub.org"
217.212.224.183 - - [30/Nov/2008:06:03:51 -0800] "GET /robots.txt HTTP/1.0" 404 275 "-" "psbot/0.1 (+http://www.picsearch.com/bot.html)" "www.lambscreeksportsmansclub.org"
217.212.224.186 - - [30/Nov/2008:06:03:52 -0800] "GET /photo_album/pistol.html HTTP/1.0" 404 275 "-" "psbot/0.1 (+http://www.picsearch.com/bot.html)" "www.lambscreeksportsmansclub.org"
217.212.224.183 - - [30/Nov/2008:07:17:10 -0800] "GET /robots.txt HTTP/1.0" 404 275 "-" "psbot/0.1 (+http://www.picsearch.com/bot.html)" "www.lambscreeksportsmansclub.org"
217.212.224.186 - - [30/Nov/2008:07:17:10 -0800] "GET /photo_album/kids.html HTTP/1.0" 404 275 "-" "psbot/0.1 (+http://www.picsearch.com/bot.html)" "www.lambscreeksportsmansclub.org"
217.212.224.186 - - [30/Nov/2008:07:50:39 -0800] "GET /photo_album/clays.html HTTP/1.0" 404 275 "-" "psbot/0.1 (+http://www.picsearch.com/bot.html)" "www.lambscreeksportsmansclub.org"
217.212.224.186 - - [30/Nov/2008:07:57:33 -0800] "GET /photo_album/hunter.html HTTP/1.0" 404 275 "-" "psbot/0.1 (+http://www.picsearch.com/bot.html)" "www.lambscreeksportsmansclub.org"
38.108.180.70 - - [30/Nov/2008:08:45:54 -0800] "GET /robots.txt HTTP/1.1" 404 275 "-" "Mozilla/5.0 (compatible; ScoutJet; +http://www.scoutjet.com/)" "www.lambscreeksportsmansclub.org"
38.108.180.70 - - [30/Nov/2008:08:45:55 -0800] "GET /tmp/?S=D HTTP/1.1" 200 520 "-" "Mozilla/5.0 (compatible; ScoutJet; +http://www.scoutjet.com/)" "www.lambscreeksportsmansclub.org"
4.180.33.97 - - [30/Nov/2008:09:25:01 -0800] "GET /robots.txt HTTP/1.1" 404 275 "-" "Mozilla/4.0 (compatible; MSIE 5.5; SuperSpider/139; Windows 98; Win 9x 4.90)" "www.lambscreeksportsmansclub.org"
4.180.0.136 - - [30/Nov/2008:10:03:24 -0800] "GET /robots.txt HTTP/1.1" 404 275 "-" "Mozilla/4.0 (compatible; MSIE 5.5; $pider-bot-00; Windows 98; Win 9x 4.90)" "www.lambscreeksportsmansclub.org"
67.15.60.41 - - [30/Nov/2008:11:32:53 -0800] "GET /logs/access.log HTTP/1.1" 200 12533 "-" "Mozilla/4.0 (compatible; MSIE 4.01; Windows 95)" "www.lambscreeksportsmansclub.org"
94.76.206.19 - - [30/Nov/2008:13:05:34 -0800] "GET /logs/access.log HTTP/1.0" 200 12709 "-" "Mozilla/4.0 (compatible; MSIE 6.0; Windows 98; Win 9x 4.90)" "www.lambscreeksportsmansclub.org"
208.36.144.9 - - [30/Nov/2008:15:00:27 -0800] "GET /robots.txt HTTP/1.0" 404 275 "-" "Mozilla/5.0 (Twiceler-0.9 http://www.cuil.com/twiceler/robot.html)" "www.lambscreeksportsmansclub.org"
193.252.149.15 - - [30/Nov/2008:21:38:49 -0800] "GET / HTTP/1.1" 200 779 "-" "Mozilla/5.0 (Windows; U; Windows NT 5.1; fr; rv:1.8.1) VoilaBot BETA 1.2 (support.voilabot@orange-ftgroup.com)" "www.lambscreeksportsmansclub.org"
38.108.180.70 - - [30/Nov/2008:22:21:40 -0800] "GET /robots.txt HTTP/1.1" 404 275 "-" "Mozilla/5.0 (compatible; ScoutJet; +http://www.scoutjet.com/)" "www.lambscreeksportsmansclub.org"
38.108.180.70 - - [30/Nov/2008:22:21:41 -0800] "GET /?D=D HTTP/1.1" 200 779 "-" "Mozilla/5.0 (compatible; ScoutJet; +http://www.scoutjet.com/)" "www.lambscreeksportsmansclub.org"
217.212.224.183 - - [30/Nov/2008:23:00:44 -0800] "GET /robots.txt HTTP/1.0" 404 275 "-" "psbot/0.1 (+http://www.picsearch.com/bot.html)" "www.lambscreeksportsmansclub.org"
217.212.224.186 - - [30/Nov/2008:23:00:45 -0800] "GET /photo_album/YHEC.html HTTP/1.0" 404 275 "-" "psbot/0.1 (+http://www.picsearch.com/bot.html)" "www.lambscreeksportsmansclub.org"
217.212.224.186 - - [30/Nov/2008:23:33:13 -0800] "GET /about_us.html HTTP/1.0" 404 275 "-" "psbot/0.1 (+http://www.picsearch.com/bot.html)" "www.lambscreeksportsmansclub.org"
74.6.17.163 - - [30/Nov/2008:23:56:04 -0800] "GET /robots.txt HTTP/1.0" 404 275 "-" "Mozilla/5.0 (compatible; Yahoo! Slurp; http://help.yahoo.com/help/us/ysearch/slurp)" "www.lambscreeksportsmansclub.org"
74.6.17.163 - - [30/Nov/2008:23:56:12 -0800] "GET /logs/?D=A HTTP/1.0" 200 1643 "-" "Mozilla/5.0 (compatible; Yahoo! Slurp; http://help.yahoo.com/help/us/ysearch/slurp)" "www.lambscreeksportsmansclub.org"
74.6.17.163 - - [01/Dec/2008:00:00:09 -0800] "GET /logs/access_081129.log HTTP/1.0" 200 33899 "-" "Mozilla/5.0 (compatible; Yahoo! Slurp; http://help.yahoo.com/help/us/ysearch/slurp)" "www.lambscreeksportsmansclub.org"
75.83.214.33 - - [01/Dec/2008:00:15:16 -0800] "GET / HTTP/1.1" 200 779 "-" ".NET Framework Test Client" "www.lambscreeksportsmansclub.org"
75.83.214.33 - - [01/Dec/2008:00:15:16 -0800] "GET / HTTP/1.1" 200 779 "-" ".NET Framework Test Client" "www.lambscreeksportsmansclub.org"
217.212.224.183 - - [01/Dec/2008:00:28:45 -0800] "GET /robots.txt HTTP/1.0" 404 275 "-" "psbot/0.1 (+http://www.picsearch.com/bot.html)" "www.lambscreeksportsmansclub.org"
217.212.224.186 - - [01/Dec/2008:00:28:45 -0800] "GET / HTTP/1.0" 200 763 "-" "psbot/0.1 (+http://www.picsearch.com/bot.html)" "www.lambscreeksportsmansclub.org"
67.195.37.167 - - [01/Dec/2008:04:46:06 -0800] "GET /robots.txt HTTP/1.0" 404 275 "-" "Mozilla/5.0 (compatible; Yahoo! Slurp; http://help.yahoo.com/help/us/ysearch/slurp)" "www.lambscreeksportsmansclub.org"
66.249.71.231 - - [01/Dec/2008:07:24:26 -0800] "GET /robots.txt HTTP/1.1" 404 275 "-" "Mozilla/5.0 (compatible; Googlebot/2.1; +http://www.google.com/bot.html)" "www.lambscreeksportsmansclub.org"
66.249.71.233 - - [01/Dec/2008:07:24:26 -0800] "GET /logs/access_081122.log HTTP/1.1" 200 24387 "-" "Mozilla/5.0 (compatible; Googlebot/2.1; +http://www.google.com/bot.html)" "www.lambscreeksportsmansclub.org"
72.30.79.52 - - [01/Dec/2008:07:27:26 -0800] "GET /robots.txt HTTP/1.0" 404 275 "-" "Mozilla/5.0 (compatible; Yahoo! Slurp; http://help.yahoo.com/help/us/ysearch/slurp)" "www.lambscreeksportsmansclub.org"
212.117.160.9 - - [01/Dec/2008:08:03:22 -0800] "GET /submit_info.html HTTP/1.0" 404 275 "-" "Mozilla/4.61 [en] (X11; U; ) - BrowseX (2.0.0 Windows)" "www.lambscreeksportsmansclub.org"
212.117.160.9 - - [01/Dec/2008:08:03:23 -0800] "GET / HTTP/1.0" 200 763 "-" "Mozilla/4.61 [en] (X11; U; ) - BrowseX (2.0.0 Windows)" "www.lambscreeksportsmansclub.org"
38.108.180.70 - - [01/Dec/2008:12:06:23 -0800] "GET /robots.txt HTTP/1.1" 404 275 "-" "Mozilla/5.0 (compatible; ScoutJet; +http://www.scoutjet.com/)" "www.lambscreeksportsmansclub.org"
38.108.180.70 - - [01/Dec/2008:12:06:24 -0800] "GET /tmp/?D=D HTTP/1.1" 200 520 "-" "Mozilla/5.0 (compatible; ScoutJet; +http://www.scoutjet.com/)" "www.lambscreeksportsmansclub.org"
92.234.108.57 - - [02/Dec/2008:03:44:59 -0800] "GET /logs/access_081122.log HTTP/1.1" 200 24387 "http://www.google.co.uk/search?sourceid=navclient&ie=UTF-8&rlz=1T4SUNA_enGB290GB290&q=93%2e158%2e149%2e32" "Mozilla/4.0 (compatible; MSIE 7.0; Windows NT 6.0; SLCC1; .NET CLR 2.0.50727; Media Center PC 5.0; .NET CLR 3.0.04506)" "www.lambscreeksportsmansclub.org"
195.208.209.253 - - [02/Dec/2008:07:18:29 -0800] "GET /logs/access.log HTTP/1.1" 200 17345 "-" "Mozilla/4.0 (compatible; MSIE 4.01; Windows 95)" "www.lambscreeksportsmansclub.org"
74.195.3.79 - - [02/Dec/2008:12:26:11 -0800] "GET /helpful_links.html HTTP/1.0" 404 275 "http://z8.invisionfree.com/DegrassiHighRPG/index.php?showuser=151" "Mozilla/4.0 (compatible; MSIE 6.0; Windows NT 5.1; SV1; InfoPath.1" "www.lambscreeksportsmansclub.org"
74.195.3.79 - - [02/Dec/2008:12:26:19 -0800] "GET /helpful_links.html HTTP/1.0" 404 275 "http://z8.invisionfree.com/DegrassiHighRPG/index.php?showuser=151" "Mozilla/4.0 (compatible; MSIE 6.0; Windows NT 5.1; SV1; InfoPath.1" "www.lambscreeksportsmansclub.org"
74.195.3.79 - - [02/Dec/2008:12:26:24 -0800] "GET /helpful_links.html HTTP/1.0" 404 275 "http://z8.invisionfree.com/DegrassiHighRPG/index.php?showuser=151" "Mozilla/4.0 (compatible; MSIE 6.0; Windows NT 5.1; SV1; InfoPath.1" "www.lambscreeksportsmansclub.org"
74.195.3.79 - - [02/Dec/2008:12:26:31 -0800] "GET /helpful_links.html HTTP/1.0" 404 275 "http://z8.invisionfree.com/DegrassiHighRPG/index.php?showuser=151" "Mozilla/4.0 (compatible; MSIE 6.0; Windows NT 5.1; SV1; InfoPath.1" "www.lambscreeksportsmansclub.org"
66.249.71.232 - - [02/Dec/2008:14:00:02 -0800] "GET /robots.txt HTTP/1.1" 404 275 "-" "Mozilla/5.0 (compatible; Googlebot/2.1; +http://www.google.com/bot.html)" "www.lambscreeksportsmansclub.org"
66.249.71.231 - - [02/Dec/2008:14:00:03 -0800] "GET /logs/ HTTP/1.1" 200 1659 "-" "Mozilla/5.0 (compatible; Googlebot/2.1; +http://www.google.com/bot.html)" "www.lambscreeksportsmansclub.org"
208.36.144.9 - - [02/Dec/2008:15:38:41 -0800] "GET /robots.txt HTTP/1.0" 404 275 "-" "Mozilla/5.0 (Twiceler-0.9 http://www.cuil.com/twiceler/robot.html)" "www.lambscreeksportsmansclub.org"
212.117.160.9 - - [02/Dec/2008:21:04:45 -0800] "GET /submit_info.html HTTP/1.0" 404 275 "-" "Mozilla/4.61 [en] (X11; U; ) - BrowseX (2.0.0 Windows)" "www.lambscreeksportsmansclub.org"
212.117.160.9 - - [02/Dec/2008:21:04:45 -0800] "GET / HTTP/1.0" 200 763 "-" "Mozilla/4.61 [en] (X11; U; ) - BrowseX (2.0.0 Windows)" "www.lambscreeksportsmansclub.org"
98.109.96.251 - - [03/Dec/2008:07:38:19 -0800] "GET / HTTP/1.1" 200 779 "http://www.google.com/search?hl=en&client=firefox-a&channel=s&rls=org.mozilla%3Aen-US%3Aofficial&q=lamb+creek+sportsmen+club&btnG=Search" "Mozilla/5.0 (Windows; U; Windows NT 5.1; en-US; rv:1.8.1.18) Gecko/20081029 Firefox/2.0.0.18" "www.lambscreeksportsmansclub.org"
98.109.96.251 - - [03/Dec/2008:07:38:20 -0800] "GET /favicon.ico HTTP/1.1" 404 275 "-" "Mozilla/5.0 (Windows; U; Windows NT 5.1; en-US; rv:1.8.1.18) Gecko/20081029 Firefox/2.0.0.18" "lambscreeksportsmansclub.org"
98.109.96.251 - - [03/Dec/2008:07:38:25 -0800] "GET /logs/ HTTP/1.1" 200 1659 "http://www.lambscreeksportsmansclub.org/" "Mozilla/5.0 (Windows; U; Windows NT 5.1; en-US; rv:1.8.1.18) Gecko/20081029 Firefox/2.0.0.18" "www.lambscreeksportsmansclub.org"
98.109.96.251 - - [03/Dec/2008:07:38:29 -0800] "GET /logs/access.log HTTP/1.1" 200 20299 "http://www.lambscreeksportsmansclub.org/logs/" "Mozilla/5.0 (Windows; U; Windows NT 5.1; en-US; rv:1.8.1.18) Gecko/20081029 Firefox/2.0.0.18" "www.lambscreeksportsmansclub.org"
98.109.96.251 - - [03/Dec/2008:07:39:17 -0800] "GET / HTTP/1.1" 200 779 "-" "Mozilla/5.0 (Windows; U; Windows NT 5.1; en-US; rv:1.8.1.18) Gecko/20081029 Firefox/2.0.0.18" "www.lambscreeksportsmansclub.org"
98.109.96.251 - - [03/Dec/2008:07:39:24 -0800] "GET /tmp/ HTTP/1.1" 200 520 "http://www.lambscreeksportsmansclub.org/" "Mozilla/5.0 (Windows; U; Windows NT 5.1; en-US; rv:1.8.1.18) Gecko/20081029 Firefox/2.0.0.18" "www.lambscreeksportsmansclub.org"
98.109.96.251 - - [03/Dec/2008:07:39:28 -0800] "GET / HTTP/1.1" 200 779 "http://www.lambscreeksportsmansclub.org/tmp/" "Mozilla/5.0 (Windows; U; Windows NT 5.1; en-US; rv:1.8.1.18) Gecko/20081029 Firefox/2.0.0.18" "www.lambscreeksportsmansclub.org"
98.109.96.251 - - [03/Dec/2008:07:39:30 -0800] "GET / HTTP/1.1" 200 779 "http://www.lambscreeksportsmansclub.org/" "Mozilla/5.0 (Windows; U; Windows NT 5.1; en-US; rv:1.8.1.18) Gecko/20081029 Firefox/2.0.0.18" "www.lambscreeksportsmansclub.org"
98.109.96.251 - - [03/Dec/2008:07:39:31 -0800] "GET / HTTP/1.1" 200 779 "http://www.lambscreeksportsmansclub.org/" "Mozilla/5.0 (Windows; U; Windows NT 5.1; en-US; rv:1.8.1.18) Gecko/20081029 Firefox/2.0.0.18" "www.lambscreeksportsmansclub.org"
98.109.96.251 - - [03/Dec/2008:07:39:36 -0800] "GET /logs/ HTTP/1.1" 200 1659 "http://www.lambscreeksportsmansclub.org/" "Mozilla/5.0 (Windows; U; Windows NT 5.1; en-US; rv:1.8.1.18) Gecko/20081029 Firefox/2.0.0.18" "www.lambscreeksportsmansclub.org"
98.109.96.251 - - [03/Dec/2008:07:39:36 -0800] "GET /logs/ HTTP/1.1" 200 1659 "http://www.lambscreeksportsmansclub.org/" "Mozilla/5.0 (Windows; U; Windows NT 5.1; en-US; rv:1.8.1.18) Gecko/20081029 Firefox/2.0.0.18" "www.lambscreeksportsmansclub.org"
98.109.96.251 - - [03/Dec/2008:07:39:42 -0800] "GET /logs/access_081129.log HTTP/1.1" 200 33899 "http://www.lambscreeksportsmansclub.org/logs/" "Mozilla/5.0 (Windows; U; Windows NT 5.1; en-US; rv:1.8.1.18) Gecko/20081029 Firefox/2.0.0.18" "www.lambscreeksportsmansclub.org"
195.208.209.253 - - [03/Dec/2008:08:48:26 -0800] "GET /logs/access.log HTTP/1.1" 200 22536 "-" "Mozilla/4.0 (compatible; MSIE 4.01; Windows 95)" "www.lambscreeksportsmansclub.org"
74.6.22.103 - - [03/Dec/2008:11:14:51 -0800] "GET /robots.txt HTTP/1.0" 404 275 "-" "Mozilla/5.0 (compatible; Yahoo! Slurp; http://help.yahoo.com/help/us/ysearch/slurp)" "www.lambscreeksportsmansclub.org"
93.158.149.32 - - [03/Dec/2008:14:03:40 -0800] "GET /robots.txt HTTP/1.1" 404 275 "-" "Yandex/1.01.001 (compatible; Win16; I)" "www.lambscreeksportsmansclub.org"
93.158.149.32 - - [03/Dec/2008:14:03:41 -0800] "GET / HTTP/1.1" 200 779 "-" "Yandex/1.01.001 (compatible; Win16; I)" "www.lambscreeksportsmansclub.org"
74.6.17.177 - - [03/Dec/2008:14:42:41 -0800] "GET /robots.txt HTTP/1.0" 404 275 "-" "Mozilla/5.0 (compatible; Yahoo! Slurp; http://help.yahoo.com/help/us/ysearch/slurp)" "www.lambscreeksportsmansclub.org"
193.252.149.15 - - [03/Dec/2008:18:56:09 -0800] "GET /robots.txt HTTP/1.1" 404 275 "-" "Mozilla/5.0 (Windows; U; Windows NT 5.1; fr; rv:1.8.1) VoilaBot BETA 1.2 (support.voilabot@orange-ftgroup.com)" "www.lambscreeksportsmansclub.org"
193.252.149.15 - - [03/Dec/2008:18:56:14 -0800] "GET / HTTP/1.0" 200 763 "-" "Mozilla/5.0 (Windows; U; Windows NT 5.1; fr; rv:1.8.1) VoilaBot BETA 1.2 (support.voilabot@orange-ftgroup.com)" "www.lambscreeksportsmansclub.org"
87.183.123.100 - - [04/Dec/2008:00:16:45 -0800] "GET /submit_info.html HTTP/1.0" 404 275 "-" "Mozilla/4.0 (compatible; MSIE 5.0; Windows 2000) Opera 6.0 [en]" "www.lambscreeksportsmansclub.org"
87.183.123.100 - - [04/Dec/2008:00:16:45 -0800] "GET / HTTP/1.0" 200 763 "-" "Mozilla/4.0 (compatible; MSIE 5.0; Windows 2000) Opera 6.0 [en]" "www.lambscreeksportsmansclub.org"
208.111.154.15 - - [04/Dec/2008:00:50:12 -0800] "GET /robots.txt HTTP/1.0" 404 275 "-" "Mozilla/5.0 (compatible; Charlotte/1.1; http://www.searchme.com/support/)" "www.lambscreeksportsmansclub.org"
208.111.154.16 - - [04/Dec/2008:00:50:25 -0800] "GET / HTTP/1.1" 200 779 "-" "Mozilla/5.0 (compatible; Charlotte/1.1; http://www.searchme.com/support/)" "www.lambscreeksportsmansclub.org"
67.195.37.114 - - [04/Dec/2008:02:28:33 -0800] "GET /robots.txt HTTP/1.0" 404 275 "-" "Mozilla/5.0 (compatible; Yahoo! Slurp; http://help.yahoo.com/help/us/ysearch/slurp)" "www.lambscreeksportsmansclub.org"
195.208.209.253 - - [04/Dec/2008:09:16:10 -0800] "GET /logs/access.log HTTP/1.1" 200 24865 "-" "Mozilla/4.0 (compatible; MSIE 4.01; Windows 95)" "www.lambscreeksportsmansclub.org"
24.238.48.142 - - [04/Dec/2008:17:29:31 -0800] "GET / HTTP/1.1" 200 779 "-" "Mozilla/4.0 (compatible; MSIE 7.0; Windows NT 6.0; SLCC1; .NET CLR 2.0.50727; Media Center PC 5.0; .NET CLR 3.0.04506)" "www.lambscreeksportsmansclub.org"
24.238.48.142 - - [04/Dec/2008:17:29:32 -0800] "GET /favicon.ico HTTP/1.1" 404 275 "-" "Mozilla/4.0 (compatible; MSIE 7.0; Windows NT 6.0; SLCC1; .NET CLR 2.0.50727; Media Center PC 5.0; .NET CLR 3.0.04506)" "lambscreeksportsmansclub.org"
72.30.142.220 - - [04/Dec/2008:19:46:50 -0800] "GET /robots.txt HTTP/1.0" 404 275 "-" "Mozilla/5.0 (compatible; Yahoo! Slurp; http://help.yahoo.com/help/us/ysearch/slurp)" "www.lambscreeksportsmansclub.org"
72.30.142.220 - - [04/Dec/2008:19:46:52 -0800] "GET /?D=A HTTP/1.0" 200 763 "-" "Mozilla/5.0 (compatible; Yahoo! Slurp; http://help.yahoo.com/help/us/ysearch/slurp)" "www.lambscreeksportsmansclub.org"
66.249.71.231 - - [04/Dec/2008:22:21:04 -0800] "GET /robots.txt HTTP/1.1" 404 275 "-" "Mozilla/5.0 (compatible; Googlebot/2.1; +http://www.google.com/bot.html)" "www.lambscreeksportsmansclub.org"
66.249.71.233 - - [04/Dec/2008:22:21:04 -0800] "GET / HTTP/1.1" 200 779 "-" "Mozilla/5.0 (compatible; Googlebot/2.1; +http://www.google.com/bot.html)" "www.lambscreeksportsmansclub.org"
208.111.154.15 - - [05/Dec/2008:00:35:15 -0800] "GET /robots.txt HTTP/1.0" 404 275 "-" "Mozilla/5.0 (compatible; Charlotte/1.1; http://www.searchme.com/support/)" "www.lambscreeksportsmansclub.org"
208.111.154.16 - - [05/Dec/2008:00:35:16 -0800] "GET / HTTP/1.1" 200 779 "-" "Mozilla/5.0 (compatible; Charlotte/1.1; http://www.searchme.com/support/)" "www.lambscreeksportsmansclub.org"
79.111.26.32 - - [05/Dec/2008:01:23:22 -0800] "GET /submit_info.html HTTP/1.0" 404 275 "http://www.lambscreeksportsmansclub.org/submit_info.html" "Mozilla/4.5 RPT-HTTPClient/0.3-2" "www.lambscreeksportsmansclub.org"
79.111.26.32 - - [05/Dec/2008:01:23:22 -0800] "GET / HTTP/1.0" 200 763 "http://www.lambscreeksportsmansclub.org/" "Mozilla/4.5 RPT-HTTPClient/0.3-2" "www.lambscreeksportsmansclub.org"
79.111.26.32 - - [05/Dec/2008:01:23:23 -0800] "GET / HTTP/1.0" 200 763 "http://www.lambscreeksportsmansclub.org/" "Mozilla/4.5 RPT-HTTPClient/0.3-2" "www.lambscreeksportsmansclub.org"
38.103.63.57 - - [05/Dec/2008:05:58:18 -0800] "GET /robots.txt HTTP/1.1" 404 275 "-" "CCBot/1.0 (+http://www.commoncrawl.org/bot.html)" "www.lambscreeksportsmansclub.org"
38.103.63.57 - - [05/Dec/2008:05:58:47 -0800] "GET /logs/access_080712.log HTTP/1.1" 404 275 "-" "CCBot/1.0 (+http://www.commoncrawl.org/bot.html)" "www.lambscreeksportsmansclub.org"
38.103.63.57 - - [05/Dec/2008:05:59:14 -0800] "GET /logs/access_080809.log HTTP/1.1" 404 275 "-" "CCBot/1.0 (+http://www.commoncrawl.org/bot.html)" "www.lambscreeksportsmansclub.org"
38.103.63.57 - - [05/Dec/2008:05:59:40 -0800] "GET /logs/access_080816.log HTTP/1.1" 404 275 "-" "CCBot/1.0 (+http://www.commoncrawl.org/bot.html)" "www.lambscreeksportsmansclub.org"
38.103.63.57 - - [05/Dec/2008:06:00:06 -0800] "GET /logs/access_080705.log HTTP/1.1" 404 275 "-" "CCBot/1.0 (+http://www.commoncrawl.org/bot.html)" "www.lambscreeksportsmansclub.org"
38.103.63.57 - - [05/Dec/2008:06:00:33 -0800] "GET /logs/access_080802.log HTTP/1.1" 404 275 "-" "CCBot/1.0 (+http://www.commoncrawl.org/bot.html)" "www.lambscreeksportsmansclub.org"
38.103.63.57 - - [05/Dec/2008:06:01:00 -0800] "GET /logs/access_080726.log HTTP/1.1" 404 275 "-" "CCBot/1.0 (+http://www.commoncrawl.org/bot.html)" "www.lambscreeksportsmansclub.org"